 + (-93)/(-7)?
True
Let r(p) = 1. Suppose -2*o = 4*x - 6*o + 8, 4*x - 3*o + 5 = 0. Let h(v) = 14*v - 14. Let a(l) = x*h(l) + 5*r(l). Is a(6) a multiple of 20?
False
Suppose 4*x = 0, 4*x = g - 5*g + 304. Suppose 8 = 3*p - g. Is 6 a factor of p?
False
Suppose 9*b - 1262 = -254. Does 16 divide b?
True
Suppose 5*n = -4*h + 8998, -21*n + 23*n - 3616 = 4*h. Is n a multiple of 37?
False
Suppose 0 = -5*l - l + 1230. Let b = -94 + l. Is 10 a factor of b?
False
Suppose -17 = -c + 3*s, 2*c - s = -5*s + 34. Suppose -2*r + c = -91. Suppose -3 = 3*h + 12, x + 2*h - r = 0. Is x a multiple of 21?
False
Let b(w) = 19*w - 3. Let t(c) = -18*c + 3. Let y(h) = -5*b(h) - 4*t(h). Let d be y(-2). Suppose 2*l - d = 55. Does 21 divide l?
False
Let m(g) = 6*g**2 + 4*g + 4. Does 21 divide m(-4)?
True
Let o(b) = b**2 + 16*b + 16. Is 2 a factor of o(0)?
True
Let v = -19 + 15. Let x be 5/(v + -1) + 6. Suppose -t + x*s = 0, -3*t - s = -2*t - 12. Is t even?
True
Let b(s) be the third derivative of s**6/120 - s**5/6 - 5*s**4/12 - 5*s**3/6 - 5*s**2. Let w be b(11). Let r(d) = d**3 - 3*d**2 - 6*d + 6. Does 16 divide r(w)?
False
Suppose 2*m + 9 = 5*m. Let h(w) = 2*w - 2. Let q be h(2). Is 3 a factor of 19 + (-2)/q + m?
True
Suppose -3*m + 0*m + 1280 = -5*b, -m - 5*b + 440 = 0. Is 98 a factor of m?
False
Let d be (1 + 666/4)*76/95. Suppose -178 - d = -3*u. Is u a multiple of 26?
True
Let p = -232 - -322. Does 39 divide p?
False
Let c(g) = -7*g + 15. Let z(d) = -4*d + 8. Let t(r) = 3*c(r) - 7*z(r). Does 17 divide t(4)?
True
Suppose -4*v - 5*d = -1353, 3*v + 2*d = d + 1023. Is v a multiple of 15?
False
Suppose 230 = t + 4*t. Suppose 8*p - 10*p = -t. Suppose 6*r = 7 + p. Does 2 divide r?
False
Suppose 4*v + p + 352 = 6*p, 275 = -3*v + p. Let r = 149 + v. Is r a multiple of 8?
True
Suppose -2*x = -4*p + 2498 + 3144, 3*p - 2*x - 4234 = 0. Is p a multiple of 9?
False
Let c = -9 + -1. Let n = 16 + c. Let m(l) = -l**3 + 8*l**2 - 10*l + 6. Is 5 a factor of m(n)?
False
Suppose 43810 = 11*n + 13714. Is n a multiple of 24?
True
Suppose -506 = -2*c - k + 3*k, -4*c - 5*k + 1003 = 0. Is 12 a factor of c?
True
Suppose 6*h = 1742 - 146. Does 14 divide h?
True
Let g(c) = -33*c + 28. Let k be g(-12). Let m = -198 + k. Does 14 divide m?
False
Let o = -405 + 792. Does 62 divide o?
False
Suppose 4*j - 4*l - 516 = -0*l, -3*l - 256 = -2*j. Suppose 2*u = 8 - 0. Suppose -3*s - u*k = -j, -4*s - 4*k + 158 = -2*k. Is 7 a factor of s?
False
Suppose 4*b - 285 = f + 531, 5*f + 408 = 2*b. Is 34 a factor of b?
True
Suppose 4*a + 27 = o - 4*o, 0 = -2*a + 3*o - 9. Let j be a - -9 - 1/(-1). Is 8 a factor of 10 + (-7)/(14/j)?
True
Suppose 2*i = -5*k + 8, 6 = -k + 5*i - 14. Suppose k = 10*p + 485 - 1895. Is 22 a factor of p?
False
Let o(i) = 9*i**2 + 1. Let u be o(4). Let r = 286 + u. Suppose r = 4*m + 175. Is m a multiple of 11?
False
Does 6 divide (-3)/48 + (-46730)/(-160)?
False
Is 38 a factor of (-376)/(((-18)/(-3))/(-12))?
False
Suppose -2*i = -2*d + 590 + 640, 4*d = -5*i + 2424. Is 46 a factor of d?
False
Suppose 293*y - 1938 = 259*y. Is 2 a factor of y?
False
Is 19 a factor of 36*11/(132/513)?
True
Is 17 a factor of (2/((-4)/17))/(19/(-1102))?
True
Let t be 4 - 381/(-1 + 0). Let m = t + -199. Suppose -r = 2*r - m. Is r a multiple of 14?
False
Suppose 4512 = 11*x - 3232. Is x a multiple of 13?
False
Let g = -262 - 88. Let j = -238 - g. Is 16 a factor of j?
True
Suppose -231*z - 1799 = -238*z. Is z a multiple of 17?
False
Let w(y) be the third derivative of 41*y**4/8 + 4*y**3/3 + y**2. Does 16 divide w(2)?
False
Suppose 5 + 2 = -a. Let h(d) = -d**2 - 9*d + 1. Let v be h(a). Suppose 4*w - 3*z = 143, 0 = 3*w - 3*z - 90 - v. Does 19 divide w?
True
Suppose -13*b = 4*a - 9*b - 2256, b + 1692 = 3*a. Is a a multiple of 20?
False
Suppose 3*k = -0*k. Suppose k = -5*y + 3*y + 6. Suppose -y*l + 76 = 1. Is l a multiple of 14?
False
Suppose 2*c - 17 - 9 = 0. Is c a multiple of 7?
False
Let y = 3230 + -1550. Is 7 a factor of y?
True
Let d(g) = -2*g**2 + 5*g - 1. Let w be d(8). Let t = 58 - w. Does 28 divide t?
False
Suppose -86 = -7*x + 47. Suppose x*h - 390 = 14*h. Does 12 divide h?
False
Suppose 3471 - 36315 = -28*d. Is d a multiple of 8?
False
Let n = -65 + 76. Suppose 8 = -4*w, -w + n = r - 141. Is r a multiple of 14?
True
Is -1 - (-3 + (-2 - 57)) a multiple of 11?
False
Suppose 5*o = -13*v + 9*v + 4553, -3*v = -3*o + 2748. Is 16 a factor of o?
False
Is 6 a factor of ((-1512)/90)/(0 - (-1)/(-5))?
True
Let z(g) be the first derivative of g**2/2 + 4*g + 11. Is 9 a factor of z(5)?
True
Let v(m) = m**2 - 11*m - 5. Suppose -8 + 34 = 2*d. Does 5 divide v(d)?
False
Let u(q) = -q**3 + 10*q**2 + 4*q - 4. Let v be u(10). Suppose p - v = -3*p. Is 3 a factor of p?
True
Is 14 a factor of (23 + 987)/(2 + 0)?
False
Let x = 75 + 17. Is 18 a factor of 3/((-270)/x - -3)?
False
Does 31 divide -2 - -7 - (-550 - 0/(-5))?
False
Let c = -26 - -28. Suppose 0 = 5*j - c*j + 363. Let p = j + 191. Does 14 divide p?
True
Let c(h) = h**3 + 6*h**2 + 5*h + 3. Let z be c(-5). Let u(n) = -5*n + n**2 + 1 + 0*n + 4*n + 37*n**z - n. Is u(1) a multiple of 11?
False
Let i be -1*0/(-3 + 2). Let d be 2 + (56 - (4 + 1)). Suppose i = -5*t - d + 158. Does 6 divide t?
False
Let v be 0/((-8)/(-2) + -6). Let w = 12 + v. Does 12 divide w?
True
Is (-25)/(175/(-42)) - -181 a multiple of 4?
False
Let u(h) = 6*h**3 - 14*h**2 - 19*h + 15. Let d(w) = 11*w**3 - 29*w**2 - 37*w + 30. Let v(f) = -4*d(f) + 7*u(f). Is v(9) a multiple of 12?
True
Let p(k) = -k - 70. Let l be p(-8). Let u = l - -137. Is 18 a factor of u?
False
Suppose -710 = 8*r - 3*r. Let f = 280 + r. Is 38 a factor of f?
False
Let q(s) = 2*s**2 + 26*s + 14. Let y be q(-16). Let w = y + -29. Does 9 divide w?
True
Let x = 384 - 304. Is 16 a factor of x?
True
Let g be 2/(-8) + 202/8. Suppose 4*y + g = 9. Let x(l) = 2*l**2 - 2*l - 3. Is 8 a factor of x(y)?
False
Let g = 13 + 11. Suppose -2*a + 3 = -3*a, g = 3*p + 2*a. Does 4 divide p?
False
Suppose -4*j + 305 = -3*y - 0*y, y - 232 = -3*j. Does 2 divide j?
False
Suppose -16 + 18 = 2*r, -2*k - 3*r + 1317 = 0. Does 9 divide k?
True
Suppose 23*r = 19*r + 1568. Is 63 a factor of r?
False
Let q(d) = -15*d + 80. Let f be q(6). Let n(x) = x**3 + 12*x**2 + 19*x + 8. Is 2 a factor of n(f)?
True
Let q(b) = b - 12. Let f be q(7). Let m = f - -10. Suppose -m*x + 118 = -p, 0 = 3*x - 0*x + 3*p - 78. Does 6 divide x?
True
Let p = 149 - 80. Is p a multiple of 32?
False
Suppose p + 924 = 3*p - 4*n, 5*p = -4*n + 2268. Is 19 a factor of p?
True
Let l be (-3)/(-21)*(9 - 2). Does 7 divide l*-12*35/(-10)?
True
Let y = -20 - -17. Let m be 27 + (y - -5)*-1. Let q = m - 1. Does 6 divide q?
True
Suppose -v - 2*q + 6*q - 22 = 0, -5*v - 5*q + 15 = 0. Is (-235 - (-3 + 2))/v a multiple of 20?
False
Let r(v) = -6*v**2 - 11*v - 4. Let q be r(-5). Let z = -85 - q. Is z a multiple of 4?
False
Let h be (-2516)/30 - (-14)/(-105). Suppose w + d - 2*d + 32 = 0, 2*d + 4 = 0. Let j = w - h. Is 16 a factor of j?
False
Does 41 divide (36/8)/(3/1838)?
False
Suppose -3599 = -7*n + 3275. Suppose -5*v + 5*w + n = w, 3*w = 2*v - 390. Is 10 a factor of v?
False
Suppose 5776 = 5*r - 3*g, r = -r + 5*g + 2299. Let y = r - 813. Is 39 a factor of y?
False
Let w be (1/(-2))/((-6)/24). Let k = w - 8. Let r(v) = -v**2 - 10*v - 3. Does 16 divide r(k)?
False
Let u(v) = -v**3 + 27*v**2 - 27*v - 39. Let n be u(26). Let b = 142 + n. Is b a multiple of 11?
True
Let l = -1 - -4. Suppose -l*c - 9 + 24 = 0. Suppose -2*n - 4*b = -6*b - 34, -c*n = -4*b - 84. Does 16 divide n?
True
Suppose -2*j + j + 2 = 0. Suppose 2*y - 2 = j. Suppose -18 = -y*f - f. Is f a multiple of 5?
False
Let y be -5 + 6/2 + 26*2. Let q = y - -101. Is 23 a factor of q?
False
Suppose -4*s = -3*s - 6. Let f be 2/(-6) + 20/s. Suppose 0*y + f*y = 228. Does 21 divide y?
False
Suppose 2*f + c = 4*f - 7, -f + 17 = -5*c. Let v(o) = -o**3 - o**2 + o + 5. Let j be v(0). Suppose 5*s = j*w - 135, 2*s + 24 = -f*w + 3*w. Is 8 a factor of w?
False
Is ((-319)/2 + 6)*(-7 - 5) a multiple of 32?
False
Suppose -7*v = 3*x - 2*v - 52, -4*x - 4*v + 56 = 0. Suppose -c = -2*c + x. Is c a multiple of 9?
True
Let o(s) = -s**2 + 12*s - 8. Let x be o(11). Suppose 3*a + 4*l - 165 = 0, -x*l + 0*l - 144 = -3*a. Let f = a + -7. Is 15 a factor of f?
False
Suppose -29*q = -31*q + 6. Suppose -2